{"id":32,"date":"2025-01-27T22:39:23","date_gmt":"2025-01-27T22:39:23","guid":{"rendered":"https:\/\/htaforedrag.dk\/?page_id=32"},"modified":"2026-03-03T22:16:12","modified_gmt":"2026-03-03T22:16:12","slug":"hans-torben-andersen-foredrag","status":"publish","type":"page","link":"http:\/\/htaforedrag.dk\/","title":{"rendered":"Hjem"},"content":{"rendered":"[et_pb_section fb_built=&#8221;1&#8243; _builder_version=&#8221;4.27.4&#8243; _module_preset=&#8221;default&#8221; global_colors_info=&#8221;{}&#8221;][et_pb_row _builder_version=&#8221;4.27.4&#8243; _module_preset=&#8221;default&#8221; custom_margin=&#8221;-30px||||false|false&#8221; global_colors_info=&#8221;{}&#8221;][et_pb_column type=&#8221;4_4&#8243; _builder_version=&#8221;4.27.4&#8243; _module_preset=&#8221;default&#8221; global_colors_info=&#8221;{}&#8221;][et_pb_text _builder_version=&#8221;4.27.4&#8243; _module_preset=&#8221;default&#8221; text_font=&#8221;Petrona||||||||&#8221; text_text_color=&#8221;#000000&#8243; text_font_size=&#8221;15px&#8221; text_line_height=&#8221;1.3em&#8221; header_font=&#8221;Cinzel||||||||&#8221; header_font_size=&#8221;24px&#8221; global_colors_info=&#8221;{}&#8221;]<h1 style=\"text-align: center;\"><strong>Historiske foredrag<\/strong><\/h1>\n<p>Oplev rejser gennem nogle af tidernes tildragelser med Hans-Torben Andersen. Historisk interesseret nordsj\u00e6ll\u00e6nder gennem et langt liv.<\/p>\n<p>H\u00f8r unikke foredrag med omfattende billedledsagelse, hovedsageligt af egne optagelser p\u00e5 egnen og rundt i landet, og dyk ned i fascinerende fort\u00e6llinger og analyser om fortidens store begivenheder og personer.<\/p>\n<p>Se foredragslisten nedenfor:<\/p>\n<p>Ring 20 25 93 17 og aftal n\u00e6rmere. Mail: historie@htaforedrag.dk<\/p>[\/et_pb_text][et_pb_divider _builder_version=&#8221;4.27.4&#8243; _module_preset=&#8221;default&#8221; global_colors_info=&#8221;{}&#8221;][\/et_pb_divider][\/et_pb_column][\/et_pb_row][et_pb_row column_structure=&#8221;1_3,2_3&#8243; _builder_version=&#8221;4.27.4&#8243; _module_preset=&#8221;default&#8221; custom_margin=&#8221;-20px||||false|false&#8221; global_colors_info=&#8221;{}&#8221;][et_pb_column type=&#8221;1_3&#8243; _builder_version=&#8221;4.27.4&#8243; _module_preset=&#8221;default&#8221; global_colors_info=&#8221;{}&#8221;][et_pb_image src=&#8221;http:\/\/htaforedrag.dk\/wp-content\/uploads\/2026\/01\/35-ned-til-1500-x-999.jpg&#8221; title_text=&#8221;35 ned til 1500 x 999&#8243; _builder_version=&#8221;4.27.6&#8243; _module_preset=&#8221;default&#8221; width=&#8221;100%&#8221; max_width=&#8221;100%&#8221; custom_padding=&#8221;20px||||false|false&#8221; hover_enabled=&#8221;0&#8243; global_colors_info=&#8221;{}&#8221; alt=&#8221;Sophienborg&#8221; sticky_enabled=&#8221;0&#8243;][\/et_pb_image][et_pb_image src=&#8221;http:\/\/htaforedrag.dk\/wp-content\/uploads\/2025\/02\/20230428-C-F-Tietgen-Sankt-Annae-Plads-Rasmus-Andersen-1904.jpg&#8221; title_text=&#8221;20230428 C F Tietgen Sankt Ann\u00e6 Plads Rasmus Andersen 1904&#8243; _builder_version=&#8221;4.27.6&#8243; _module_preset=&#8221;default&#8221; hover_enabled=&#8221;0&#8243; global_colors_info=&#8221;{}&#8221; alt=&#8221;CF Tietgen p\u00e5 Sankt Ann\u00e6 Plads&#8221; sticky_enabled=&#8221;0&#8243;][\/et_pb_image][et_pb_image src=&#8221;http:\/\/htaforedrag.dk\/wp-content\/uploads\/2026\/01\/top_1488_011-1200&#215;900-1.png&#8221; title_text=&#8221;top_1488_011-1200&#215;900&#8243; _builder_version=&#8221;4.27.5&#8243; _module_preset=&#8221;default&#8221; global_colors_info=&#8221;{}&#8221;][\/et_pb_image][\/et_pb_column][et_pb_column type=&#8221;2_3&#8243; _builder_version=&#8221;4.27.4&#8243; _module_preset=&#8221;default&#8221; global_colors_info=&#8221;{}&#8221;][et_pb_text _builder_version=&#8221;4.27.4&#8243; _module_preset=&#8221;default&#8221; text_font=&#8221;Petrona||||||||&#8221; text_text_color=&#8221;#000000&#8243; text_font_size=&#8221;15px&#8221; text_line_height=&#8221;1.3em&#8221; header_font=&#8221;Cinzel||||||||&#8221; header_font_size=&#8221;20px&#8221; global_colors_info=&#8221;{}&#8221;]<div class=\"post-content\">\n<div class=\"post-content-inner et_pb_blog_show_content\">\n<h1><strong>Sophienborg og Str\u00f8dam<\/strong><\/h1>\n<p>Et foredrag i tre dele. Den f\u00f8rste handler om g\u00e5rdenes udvikling fra den gamle landsby, Uller\u00f8d, de mange forskellige ejeres tilk\u00f8b og frasalg af arealer og ejendomme gennem tiderne og nogle af de mest markante personer som ejere af ejendommene. Den historiske udvikling fra landsbysamfund til 1900-\u00e5renes anvendelse af g\u00e5rde, institutioner og landskaber.<\/p>\n<p><\/p>\n<p>H\u00f8r om g\u00e5rdenes opst\u00e5en i Uller\u00f8d fra de tidligste tider, udflytningerne og tilk\u00f8b af ejendomme til Sophienborg og anl\u00e6ggelse af Str\u00f8dam efter k\u00f8b af Str\u00f8gods fra Skoven.<\/p>\n<p><\/p>\n<p>Foredraget er ledsaget af mange billeder om de to g\u00e5rde og om en stor del af tidernes personer, der deltog i udviklingen.<\/p>\n<\/div>\n<\/div>[\/et_pb_text][et_pb_text _builder_version=&#8221;4.27.5&#8243; _module_preset=&#8221;default&#8221; text_font=&#8221;Petrona||||||||&#8221; text_text_color=&#8221;#000000&#8243; text_font_size=&#8221;15px&#8221; text_line_height=&#8221;1.6em&#8221; header_font=&#8221;Cinzel||||||||&#8221; header_text_color=&#8221;#000000&#8243; header_font_size=&#8221;20px&#8221; global_colors_info=&#8221;{}&#8221;]<h1><strong>C. F. Tietgen og Axel Jarl<\/strong><\/h1>\n<p>Anden og tredie del omhandler de to mest markante personligheder i g\u00e5rdenes historie. Fort\u00e6llingerne behandler mest deres adf\u00e6rd ud fra deres opfattelser i hver deres tid. Hvorledes blev personerne dannede i den barndoms- og ungdomstid, der formede dem? Hvilke aner i deres forudg\u00e5ende familier og deres omgangskreds havde de til inspiration som foruds\u00e6tninger for deres senere virke? Hvilke vilk\u00e5r havde deres aner og familier?<\/p>\n<p>C. F. Tietgen var en meget betydningsfuld personlighed i anden halvdel af 1800-\u00e5rene som financieringsekspert til mange, nye virksomheder. Han anskaffede det Frederiksborgske Stutteri, Sophienborg og Str\u00f8dam arealerne, hvor han lod opf\u00f8re det legendariske Str\u00f8dam og senere Str\u00f8dam Avlsg\u00e5rd. Hvilken baggrund og trosfundament havde Tietgen for gennemf\u00f8relsen af alt dette og af genopbygningen af Marmorkirken?<\/p>\n<p>Som Tietgens og Lauras nev\u00f8 arvede Axel Jarl Str\u00f8dam. Han var en s\u00e6rpr\u00e6get og vision\u00e6r person med en omskiftelig tilv\u00e6relse i f\u00f8rste halvdel af 1900-\u00e5rene. Hans for\u00e6ldres og hans egen familie og deres omgangskreds bliver omtalt n\u00e6rmere for at komme t\u00e6t p\u00e5 denne sammensatte personlighed. Efter hans endelige anskaffelse af Sophienborg udviklede han tidens fremmeligste m\u00e6lkeproduktion og en l\u00e6reg\u00e5rd for kommende sl\u00e6gters landm\u00e6nd. Slutteligt donerede Axel Jarl hele godset og sin formue til en naturfond &#8211; Jarlfonden.<\/p>[\/et_pb_text][\/et_pb_column][\/et_pb_row][et_pb_row _builder_version=&#8221;4.27.4&#8243; _module_preset=&#8221;default&#8221; custom_margin=&#8221;-15px||||false|false&#8221; custom_padding=&#8221;0px||||false|false&#8221; global_colors_info=&#8221;{}&#8221;][et_pb_column type=&#8221;4_4&#8243; _builder_version=&#8221;4.27.4&#8243; _module_preset=&#8221;default&#8221; global_colors_info=&#8221;{}&#8221;][et_pb_divider _builder_version=&#8221;4.27.4&#8243; _module_preset=&#8221;default&#8221; global_colors_info=&#8221;{}&#8221;][\/et_pb_divider][\/et_pb_column][\/et_pb_row][et_pb_row column_structure=&#8221;1_2,1_2&#8243; _builder_version=&#8221;4.27.4&#8243; _module_preset=&#8221;default&#8221; custom_margin=&#8221;-50px||||false|false&#8221; global_colors_info=&#8221;{}&#8221;][et_pb_column type=&#8221;1_2&#8243; _builder_version=&#8221;4.27.4&#8243; _module_preset=&#8221;default&#8221; global_colors_info=&#8221;{}&#8221;][et_pb_image src=&#8221;http:\/\/htaforedrag.dk\/wp-content\/uploads\/2025\/02\/100-20210526-Annissegaard-26-Maj-scaled.jpg&#8221; title_text=&#8221;100 20210526 Annisseg\u00e5rd 26 Maj&#8221; _builder_version=&#8221;4.27.4&#8243; _module_preset=&#8221;default&#8221; global_colors_info=&#8221;{}&#8221;][\/et_pb_image][et_pb_image src=&#8221;http:\/\/htaforedrag.dk\/wp-content\/uploads\/2026\/02\/796-Lund-familiernes-gravsteder-paa-Annisse-kirkegaard-20240916-scaled.jpg&#8221; title_text=&#8221;796 Lund familiernes gravsteder p\u00e5 Annisse kirkeg\u00e5rd 20240916&#8243; _builder_version=&#8221;4.27.5&#8243; _module_preset=&#8221;default&#8221; global_colors_info=&#8221;{}&#8221;][\/et_pb_image][\/et_pb_column][et_pb_column type=&#8221;1_2&#8243; _builder_version=&#8221;4.27.4&#8243; _module_preset=&#8221;default&#8221; global_colors_info=&#8221;{}&#8221;][et_pb_text _builder_version=&#8221;4.27.5&#8243; _module_preset=&#8221;default&#8221; text_font=&#8221;Petrona||||||||&#8221; text_text_color=&#8221;#000000&#8243; text_font_size=&#8221;15px&#8221; text_line_height=&#8221;1.5em&#8221; header_font=&#8221;Cinzel||||||||&#8221; header_text_color=&#8221;#000000&#8243; header_font_size=&#8221;16px&#8221; custom_margin=&#8221;|8px||8px|false|false&#8221; global_colors_info=&#8221;{}&#8221;]<h1><strong>Annisseg\u00e5rd, Annisse, Houg\u00e5rden og den meget lange historie<\/strong><\/h1>\n<p>Et foredrag med fort\u00e6llinger om Annisseg\u00e5rd og Anneksg\u00e5rden, Annisse og Houg\u00e5rden med ledsagelse af fort\u00e6llende fotos. Tilbage fra de f\u00f8rste tider med bos\u00e6ttelser langs kysterne og senere rydninger af skov havde Houg\u00e5rden p\u00e5 Ann\u00e6s som borg en vigtig forsvarsposition langs kysten af Arres\u00f8, der f\u00f8r sandflugten kunne besejles fra Kattegat.<\/p>\n<p>H\u00f8r om de mange sl\u00e6gter, der har ejet Houg\u00e5rden, bl.a. af Dronning Margrethe 1. og senere riddere og v\u00e6bnere som lensm\u00e6nd indtil Reformationen. Kongemagten konfiskerede alt klostergods og fik fordoblet sit eget, og Annisse kom under Kronborg Rytterdistrikt.<\/p>\n<p>Efter landboreformerne \u00e6ndredes arronderingerne fuldst\u00e6ndigt, og den nuv\u00e6rende fordeling af sognets jord blev fastlagt. Mange familier og sl\u00e6gter har hentet deres udkomme af, hvad datidens jorder har kunnet yde.<\/p>\n<p>Annisseg\u00e5rd blev i 1850-erne efter en voldsom brand i landsbyen genopbygget af Vilhelm Lund i den nuv\u00e6rende og lidt s\u00e6regne, men harmoniske skikkelse. H\u00f8r om de mange familier, der forinden og efter etatsr\u00e5d Lund har haft tilknytning til Anneksg\u00e5rden, som Annisseg\u00e5rd en overgang var underlagt.<\/p>[\/et_pb_text][et_pb_image src=&#8221;http:\/\/htaforedrag.dk\/wp-content\/uploads\/2026\/02\/850-Solnedgang-over-Hougaarden-og-Annaesset-20251231-scaled.jpg&#8221; title_text=&#8221;850 Solnedgang over Houg\u00e5rden og Ann\u00e6sset 20251231&#8243; _builder_version=&#8221;4.27.5&#8243; _module_preset=&#8221;default&#8221; global_colors_info=&#8221;{}&#8221;][\/et_pb_image][\/et_pb_column][\/et_pb_row][\/et_pb_section]","protected":false},"excerpt":{"rendered":"<p>Historiske foredrag Oplev rejser gennem nogle af tidernes tildragelser med Hans-Torben Andersen. Historisk interesseret nordsj\u00e6ll\u00e6nder gennem et langt liv. H\u00f8r unikke foredrag med omfattende billedledsagelse, hovedsageligt af egne optagelser p\u00e5 egnen og rundt i landet, og dyk ned i fascinerende fort\u00e6llinger og analyser om fortidens store begivenheder og personer. Se foredragslisten nedenfor: Ring 20 25 [&hellip;]<\/p>\n","protected":false},"author":3,"featured_media":0,"parent":0,"menu_order":0,"comment_status":"closed","ping_status":"closed","template":"","meta":{"_et_pb_use_builder":"on","_et_pb_old_content":"<!-- wp:divi\/placeholder \/-->","_et_gb_content_width":"","footnotes":""},"class_list":["post-32","page","type-page","status-publish","hentry"],"_links":{"self":[{"href":"http:\/\/htaforedrag.dk\/index.php\/wp-json\/wp\/v2\/pages\/32","targetHints":{"allow":["GET"]}}],"collection":[{"href":"http:\/\/htaforedrag.dk\/index.php\/wp-json\/wp\/v2\/pages"}],"about":[{"href":"http:\/\/htaforedrag.dk\/index.php\/wp-json\/wp\/v2\/types\/page"}],"author":[{"embeddable":true,"href":"http:\/\/htaforedrag.dk\/index.php\/wp-json\/wp\/v2\/users\/3"}],"replies":[{"embeddable":true,"href":"http:\/\/htaforedrag.dk\/index.php\/wp-json\/wp\/v2\/comments?post=32"}],"version-history":[{"count":51,"href":"http:\/\/htaforedrag.dk\/index.php\/wp-json\/wp\/v2\/pages\/32\/revisions"}],"predecessor-version":[{"id":192,"href":"http:\/\/htaforedrag.dk\/index.php\/wp-json\/wp\/v2\/pages\/32\/revisions\/192"}],"wp:attachment":[{"href":"http:\/\/htaforedrag.dk\/index.php\/wp-json\/wp\/v2\/media?parent=32"}],"curies":[{"name":"wp","href":"https:\/\/api.w.org\/{rel}","templated":true}]}}

[et_pb_section fb_built=&#8221;1&#8243; _builder_version=&#8221;4.27.4&#8243; _module_preset=&#8221;default&#8221; global_colors_info=&#8221;{}&#8221;][et_pb_row _builder_version=&#8221;4.27.4&#8243; _module_preset=&#8221;default&#8221; custom_margin=&#8221;-30px||||false|false&#8221; global_colors_info=&#8221;{}&#8221;][et_pb_column type=&#8221;4_4&#8243; _builder_version=&#8221;4.27.4&#8243; _module_preset=&#8221;default&#8221; global_colors_info=&#8221;{}&#8221;][et_pb_text _builder_version=&#8221;4.27.4&#8243; _module_preset=&#8221;default&#8221; text_font=&#8221;Petrona||||||||&#8221; text_text_color=&#8221;#000000&#8243; text_font_size=&#8221;15px&#8221; text_line_height=&#8221;1.3em&#8221; header_font=&#8221;Cinzel||||||||&#8221; header_font_size=&#8221;24px&#8221; global_colors_info=&#8221;{}&#8221;]<h1 style="text-align: center;"><strong>Historiske foredrag</strong></h1>
<p>Oplev rejser gennem nogle af tidernes tildragelser med Hans-Torben Andersen. Historisk interesseret nordsjællænder gennem et langt liv.</p>
<p>Hør unikke foredrag med omfattende billedledsagelse, hovedsageligt af egne optagelser på egnen og rundt i landet, og dyk ned i fascinerende fortællinger og analyser om fortidens store begivenheder og personer.</p>
<p>Se foredragslisten nedenfor:</p>
<p>Ring 20 25 93 17 og aftal nærmere. Mail: historie@htaforedrag.dk</p>[/et_pb_text][et_pb_divider _builder_version=&#8221;4.27.4&#8243; _module_preset=&#8221;default&#8221; global_colors_info=&#8221;{}&#8221;][/et_pb_divider][/et_pb_column][/et_pb_row][et_pb_row column_structure=&#8221;1_3,2_3&#8243; _builder_version=&#8221;4.27.4&#8243; _module_preset=&#8221;default&#8221; custom_margin=&#8221;-20px||||false|false&#8221; global_colors_info=&#8221;{}&#8221;][et_pb_column type=&#8221;1_3&#8243; _builder_version=&#8221;4.27.4&#8243; _module_preset=&#8221;default&#8221; global_colors_info=&#8221;{}&#8221;][et_pb_image src=&#8221;http://htaforedrag.dk/wp-content/uploads/2026/01/35-ned-til-1500-x-999.jpg&#8221; title_text=&#8221;35 ned til 1500 x 999&#8243; _builder_version=&#8221;4.27.6&#8243; _module_preset=&#8221;default&#8221; width=&#8221;100%&#8221; max_width=&#8221;100%&#8221; custom_padding=&#8221;20px||||false|false&#8221; hover_enabled=&#8221;0&#8243; global_colors_info=&#8221;{}&#8221; alt=&#8221;Sophienborg&#8221; sticky_enabled=&#8221;0&#8243;][/et_pb_image][et_pb_image src=&#8221;http://htaforedrag.dk/wp-content/uploads/2025/02/20230428-C-F-Tietgen-Sankt-Annae-Plads-Rasmus-Andersen-1904.jpg&#8221; title_text=&#8221;20230428 C F Tietgen Sankt Annæ Plads Rasmus Andersen 1904&#8243; _builder_version=&#8221;4.27.6&#8243; _module_preset=&#8221;default&#8221; hover_enabled=&#8221;0&#8243; global_colors_info=&#8221;{}&#8221; alt=&#8221;CF Tietgen på Sankt Annæ Plads&#8221; sticky_enabled=&#8221;0&#8243;][/et_pb_image][et_pb_image src=&#8221;http://htaforedrag.dk/wp-content/uploads/2026/01/top_1488_011-1200&#215;900-1.png&#8221; title_text=&#8221;top_1488_011-1200&#215;900&#8243; _builder_version=&#8221;4.27.5&#8243; _module_preset=&#8221;default&#8221; global_colors_info=&#8221;{}&#8221;][/et_pb_image][/et_pb_column][et_pb_column type=&#8221;2_3&#8243; _builder_version=&#8221;4.27.4&#8243; _module_preset=&#8221;default&#8221; global_colors_info=&#8221;{}&#8221;][et_pb_text _builder_version=&#8221;4.27.4&#8243; _module_preset=&#8221;default&#8221; text_font=&#8221;Petrona||||||||&#8221; text_text_color=&#8221;#000000&#8243; text_font_size=&#8221;15px&#8221; text_line_height=&#8221;1.3em&#8221; header_font=&#8221;Cinzel||||||||&#8221; header_font_size=&#8221;20px&#8221; global_colors_info=&#8221;{}&#8221;]<div class="post-content">
<div class="post-content-inner et_pb_blog_show_content">
<h1><strong>Sophienborg og Strødam</strong></h1>
<p>Et foredrag i tre dele. Den første handler om gårdenes udvikling fra den gamle landsby, Ullerød, de mange forskellige ejeres tilkøb og frasalg af arealer og ejendomme gennem tiderne og nogle af de mest markante personer som ejere af ejendommene. Den historiske udvikling fra landsbysamfund til 1900-årenes anvendelse af gårde, institutioner og landskaber.</p>
<p></p>
<p>Hør om gårdenes opståen i Ullerød fra de tidligste tider, udflytningerne og tilkøb af ejendomme til Sophienborg og anlæggelse af Strødam efter køb af Strøgods fra Skoven.</p>
<p></p>
<p>Foredraget er ledsaget af mange billeder om de to gårde og om en stor del af tidernes personer, der deltog i udviklingen.</p>
</div>
</div>[/et_pb_text][et_pb_text _builder_version=&#8221;4.27.5&#8243; _module_preset=&#8221;default&#8221; text_font=&#8221;Petrona||||||||&#8221; text_text_color=&#8221;#000000&#8243; text_font_size=&#8221;15px&#8221; text_line_height=&#8221;1.6em&#8221; header_font=&#8221;Cinzel||||||||&#8221; header_text_color=&#8221;#000000&#8243; header_font_size=&#8221;20px&#8221; global_colors_info=&#8221;{}&#8221;]<h1><strong>C. F. Tietgen og Axel Jarl</strong></h1>
<p>Anden og tredie del omhandler de to mest markante personligheder i gårdenes historie. Fortællingerne behandler mest deres adfærd ud fra deres opfattelser i hver deres tid. Hvorledes blev personerne dannede i den barndoms- og ungdomstid, der formede dem? Hvilke aner i deres forudgående familier og deres omgangskreds havde de til inspiration som forudsætninger for deres senere virke? Hvilke vilkår havde deres aner og familier?</p>
<p>C. F. Tietgen var en meget betydningsfuld personlighed i anden halvdel af 1800-årene som financieringsekspert til mange, nye virksomheder. Han anskaffede det Frederiksborgske Stutteri, Sophienborg og Strødam arealerne, hvor han lod opføre det legendariske Strødam og senere Strødam Avlsgård. Hvilken baggrund og trosfundament havde Tietgen for gennemførelsen af alt dette og af genopbygningen af Marmorkirken?</p>
<p>Som Tietgens og Lauras nevø arvede Axel Jarl Strødam. Han var en særpræget og visionær person med en omskiftelig tilværelse i første halvdel af 1900-årene. Hans forældres og hans egen familie og deres omgangskreds bliver omtalt nærmere for at komme tæt på denne sammensatte personlighed. Efter hans endelige anskaffelse af Sophienborg udviklede han tidens fremmeligste mælkeproduktion og en læregård for kommende slægters landmænd. Slutteligt donerede Axel Jarl hele godset og sin formue til en naturfond &#8211; Jarlfonden.</p>[/et_pb_text][/et_pb_column][/et_pb_row][et_pb_row _builder_version=&#8221;4.27.4&#8243; _module_preset=&#8221;default&#8221; custom_margin=&#8221;-15px||||false|false&#8221; custom_padding=&#8221;0px||||false|false&#8221; global_colors_info=&#8221;{}&#8221;][et_pb_column type=&#8221;4_4&#8243; _builder_version=&#8221;4.27.4&#8243; _module_preset=&#8221;default&#8221; global_colors_info=&#8221;{}&#8221;][et_pb_divider _builder_version=&#8221;4.27.4&#8243; _module_preset=&#8221;default&#8221; global_colors_info=&#8221;{}&#8221;][/et_pb_divider][/et_pb_column][/et_pb_row][et_pb_row column_structure=&#8221;1_2,1_2&#8243; _builder_version=&#8221;4.27.4&#8243; _module_preset=&#8221;default&#8221; custom_margin=&#8221;-50px||||false|false&#8221; global_colors_info=&#8221;{}&#8221;][et_pb_column type=&#8221;1_2&#8243; _builder_version=&#8221;4.27.4&#8243; _module_preset=&#8221;default&#8221; global_colors_info=&#8221;{}&#8221;][et_pb_image src=&#8221;http://htaforedrag.dk/wp-content/uploads/2025/02/100-20210526-Annissegaard-26-Maj-scaled.jpg&#8221; title_text=&#8221;100 20210526 Annissegård 26 Maj&#8221; _builder_version=&#8221;4.27.4&#8243; _module_preset=&#8221;default&#8221; global_colors_info=&#8221;{}&#8221;][/et_pb_image][et_pb_image src=&#8221;http://htaforedrag.dk/wp-content/uploads/2026/02/796-Lund-familiernes-gravsteder-paa-Annisse-kirkegaard-20240916-scaled.jpg&#8221; title_text=&#8221;796 Lund familiernes gravsteder på Annisse kirkegård 20240916&#8243; _builder_version=&#8221;4.27.5&#8243; _module_preset=&#8221;default&#8221; global_colors_info=&#8221;{}&#8221;][/et_pb_image][/et_pb_column][et_pb_column type=&#8221;1_2&#8243; _builder_version=&#8221;4.27.4&#8243; _module_preset=&#8221;default&#8221; global_colors_info=&#8221;{}&#8221;][et_pb_text _builder_version=&#8221;4.27.5&#8243; _module_preset=&#8221;default&#8221; text_font=&#8221;Petrona||||||||&#8221; text_text_color=&#8221;#000000&#8243; text_font_size=&#8221;15px&#8221; text_line_height=&#8221;1.5em&#8221; header_font=&#8221;Cinzel||||||||&#8221; header_text_color=&#8221;#000000&#8243; header_font_size=&#8221;16px&#8221; custom_margin=&#8221;|8px||8px|false|false&#8221; global_colors_info=&#8221;{}&#8221;]<h1><strong>Annissegård, Annisse, Hougården og den meget lange historie</strong></h1>
<p>Et foredrag med fortællinger om Annissegård og Anneksgården, Annisse og Hougården med ledsagelse af fortællende fotos. Tilbage fra de første tider med bosættelser langs kysterne og senere rydninger af skov havde Hougården på Annæs som borg en vigtig forsvarsposition langs kysten af Arresø, der før sandflugten kunne besejles fra Kattegat.</p>
<p>Hør om de mange slægter, der har ejet Hougården, bl.a. af Dronning Margrethe 1. og senere riddere og væbnere som lensmænd indtil Reformationen. Kongemagten konfiskerede alt klostergods og fik fordoblet sit eget, og Annisse kom under Kronborg Rytterdistrikt.</p>
<p>Efter landboreformerne ændredes arronderingerne fuldstændigt, og den nuværende fordeling af sognets jord blev fastlagt. Mange familier og slægter har hentet deres udkomme af, hvad datidens jorder har kunnet yde.</p>
<p>Annissegård blev i 1850-erne efter en voldsom brand i landsbyen genopbygget af Vilhelm Lund i den nuværende og lidt særegne, men harmoniske skikkelse. Hør om de mange familier, der forinden og efter etatsråd Lund har haft tilknytning til Anneksgården, som Annissegård en overgang var underlagt.</p>[/et_pb_text][et_pb_image src=&#8221;http://htaforedrag.dk/wp-content/uploads/2026/02/850-Solnedgang-over-Hougaarden-og-Annaesset-20251231-scaled.jpg&#8221; title_text=&#8221;850 Solnedgang over Hougården og Annæsset 20251231&#8243; _builder_version=&#8221;4.27.5&#8243; _module_preset=&#8221;default&#8221; global_colors_info=&#8221;{}&#8221;][/et_pb_image][/et_pb_column][/et_pb_row][/et_pb_section]

<p>Historiske foredrag Oplev rejser gennem nogle af tidernes tildragelser med Hans-Torben Andersen. Historisk interesseret nordsjællænder gennem et langt liv. Hør unikke foredrag med omfattende billedledsagelse, hovedsageligt af egne optagelser på egnen og rundt i landet, og dyk ned i fascinerende fortællinger og analyser om fortidens store begivenheder og personer. Se foredragslisten nedenfor: Ring 20 25 [&hellip;]</p>
